{"id":14,"date":"2015-08-17T09:44:37","date_gmt":"2015-08-17T09:44:37","guid":{"rendered":"http:\/\/bunt-statt-braun-wmk.org\/?page_id=14"},"modified":"2018-03-03T11:10:40","modified_gmt":"2018-03-03T09:10:40","slug":"pressespiegel","status":"publish","type":"page","link":"https:\/\/bunt-statt-braun-wmk.de\/?page_id=14","title":{"rendered":"Pressespiegel"},"content":{"rendered":"<div id=\"cc-matrix-1492400885\"><a href=\"http:\/\/bunt-statt-braun-wmk.org\/wp-content\/uploads\/2018\/03\/Ausschnitt_Seite_5_76130.0-1.jpg\"><img loading=\"lazy\" decoding=\"async\" class=\"alignnone size-full wp-image-369\" src=\"http:\/\/bunt-statt-braun-wmk.org\/wp-content\/uploads\/2018\/03\/Ausschnitt_Seite_5_76130.0-1.jpg\" alt=\"Ausschnitt_Seite_5_76130.0\" width=\"662\" height=\"725\" srcset=\"https:\/\/bunt-statt-braun-wmk.de\/wp-content\/uploads\/2018\/03\/Ausschnitt_Seite_5_76130.0-1.jpg 662w, https:\/\/bunt-statt-braun-wmk.de\/wp-content\/uploads\/2018\/03\/Ausschnitt_Seite_5_76130.0-1-274x300.jpg 274w\" sizes=\"auto, (max-width: 662px) 100vw, 662px\" \/><\/a><\/div>\n<p>http:\/\/lokalo24.de\/news\/eschweger-integrationsveranstaltung-war-ein-voller-erfolg\/643477\/<\/p>\n<div id=\"cc-matrix-1492400885\">\n<p class=\"n j-text \"><strong class=\"idAitem idKicker\"><a href=\"http:\/\/bunt-statt-braun-wmk.org\/wp-content\/uploads\/2015\/08\/WR-25.1.16-Titel.jpg\" rel=\"attachment wp-att-196\"><img loading=\"lazy\" decoding=\"async\" class=\"wp-image-196 aligncenter\" src=\"http:\/\/bunt-statt-braun-wmk.org\/wp-content\/uploads\/2015\/08\/WR-25.1.16-Titel-284x300.jpg\" alt=\"WR, 25.1.16 Titel\" width=\"303\" height=\"320\" srcset=\"https:\/\/bunt-statt-braun-wmk.de\/wp-content\/uploads\/2015\/08\/WR-25.1.16-Titel-284x300.jpg 284w, https:\/\/bunt-statt-braun-wmk.de\/wp-content\/uploads\/2015\/08\/WR-25.1.16-Titel-768x811.jpg 768w, https:\/\/bunt-statt-braun-wmk.de\/wp-content\/uploads\/2015\/08\/WR-25.1.16-Titel.jpg 838w\" sizes=\"auto, (max-width: 303px) 100vw, 303px\" \/><\/a><\/strong><\/p>\n<div id=\"attachment_197\" style=\"width: 248px\" class=\"wp-caption alignnone\"><a href=\"http:\/\/bunt-statt-braun-wmk.org\/wp-content\/uploads\/2015\/08\/WR-25.1.16-2.jpg\" rel=\"attachment wp-att-197\"><img loading=\"lazy\" decoding=\"async\" aria-describedby=\"caption-attachment-197\" class=\"wp-image-197 size-medium\" src=\"http:\/\/bunt-statt-braun-wmk.org\/wp-content\/uploads\/2015\/08\/WR-25.1.16-2-238x300.jpg\" alt=\"WR, 25.1.16 - 2\" width=\"238\" height=\"300\" srcset=\"https:\/\/bunt-statt-braun-wmk.de\/wp-content\/uploads\/2015\/08\/WR-25.1.16-2-238x300.jpg 238w, https:\/\/bunt-statt-braun-wmk.de\/wp-content\/uploads\/2015\/08\/WR-25.1.16-2-768x969.jpg 768w, https:\/\/bunt-statt-braun-wmk.de\/wp-content\/uploads\/2015\/08\/WR-25.1.16-2-812x1024.jpg 812w, https:\/\/bunt-statt-braun-wmk.de\/wp-content\/uploads\/2015\/08\/WR-25.1.16-2.jpg 854w\" sizes=\"auto, (max-width: 238px) 100vw, 238px\" \/><\/a><p id=\"caption-attachment-197\" class=\"wp-caption-text\">Werra Rundschau vom 25.01.2016<\/p><\/div>\n<h1><strong class=\"idAitem idKicker\"><a href=\"http:\/\/bunt-statt-braun-wmk.org\/wp-content\/uploads\/2015\/08\/Ma3.jpg\" rel=\"attachment wp-att-184\"><img loading=\"lazy\" decoding=\"async\" class=\"alignnone size-medium wp-image-184\" src=\"http:\/\/bunt-statt-braun-wmk.org\/wp-content\/uploads\/2015\/08\/Ma3-300x240.jpg\" alt=\"Ma3\" width=\"300\" height=\"240\" srcset=\"https:\/\/bunt-statt-braun-wmk.de\/wp-content\/uploads\/2015\/08\/Ma3-300x240.jpg 300w, https:\/\/bunt-statt-braun-wmk.de\/wp-content\/uploads\/2015\/08\/Ma3-768x614.jpg 768w, https:\/\/bunt-statt-braun-wmk.de\/wp-content\/uploads\/2015\/08\/Ma3-1024x819.jpg 1024w, https:\/\/bunt-statt-braun-wmk.de\/wp-content\/uploads\/2015\/08\/Ma3-375x300.jpg 375w, https:\/\/bunt-statt-braun-wmk.de\/wp-content\/uploads\/2015\/08\/Ma3.jpg 1280w\" sizes=\"auto, (max-width: 300px) 100vw, 300px\" \/><\/a><a href=\"http:\/\/bunt-statt-braun-wmk.org\/wp-content\/uploads\/2015\/08\/WR-22.1.16.jpg\" rel=\"attachment wp-att-191\"><img loading=\"lazy\" decoding=\"async\" class=\"alignnone size-medium wp-image-191\" src=\"http:\/\/bunt-statt-braun-wmk.org\/wp-content\/uploads\/2015\/08\/WR-22.1.16-300x242.jpg\" alt=\"WR 22.1.16\" width=\"300\" height=\"242\" srcset=\"https:\/\/bunt-statt-braun-wmk.de\/wp-content\/uploads\/2015\/08\/WR-22.1.16-300x242.jpg 300w, https:\/\/bunt-statt-braun-wmk.de\/wp-content\/uploads\/2015\/08\/WR-22.1.16-372x300.jpg 372w, https:\/\/bunt-statt-braun-wmk.de\/wp-content\/uploads\/2015\/08\/WR-22.1.16.jpg 743w\" sizes=\"auto, (max-width: 300px) 100vw, 300px\" \/>WR 22.1.16<\/a><a href=\"http:\/\/bunt-statt-braun-wmk.org\/wp-content\/uploads\/2015\/08\/WR-15.1.16.jpg\" rel=\"attachment wp-att-188\"><img loading=\"lazy\" decoding=\"async\" class=\"size-medium wp-image-188 alignright\" src=\"http:\/\/bunt-statt-braun-wmk.org\/wp-content\/uploads\/2015\/08\/WR-15.1.16-219x300.jpg\" alt=\"WR, 15.1.16\" width=\"219\" height=\"300\" srcset=\"https:\/\/bunt-statt-braun-wmk.de\/wp-content\/uploads\/2015\/08\/WR-15.1.16-219x300.jpg 219w, https:\/\/bunt-statt-braun-wmk.de\/wp-content\/uploads\/2015\/08\/WR-15.1.16-768x1054.jpg 768w, https:\/\/bunt-statt-braun-wmk.de\/wp-content\/uploads\/2015\/08\/WR-15.1.16-746x1024.jpg 746w, https:\/\/bunt-statt-braun-wmk.de\/wp-content\/uploads\/2015\/08\/WR-15.1.16.jpg 862w\" sizes=\"auto, (max-width: 219px) 100vw, 219px\" \/><\/a> <a href=\"http:\/\/bunt-statt-braun-wmk.org\/wp-content\/uploads\/2015\/08\/Marktspiegel2.jpg\" rel=\"attachment wp-att-185\"><img loading=\"lazy\" decoding=\"async\" class=\"alignnone size-medium wp-image-185\" src=\"http:\/\/bunt-statt-braun-wmk.org\/wp-content\/uploads\/2015\/08\/Marktspiegel2-300x240.jpg\" alt=\"Marktspiegel2\" width=\"300\" height=\"240\" srcset=\"https:\/\/bunt-statt-braun-wmk.de\/wp-content\/uploads\/2015\/08\/Marktspiegel2-300x240.jpg 300w, https:\/\/bunt-statt-braun-wmk.de\/wp-content\/uploads\/2015\/08\/Marktspiegel2-768x614.jpg 768w, https:\/\/bunt-statt-braun-wmk.de\/wp-content\/uploads\/2015\/08\/Marktspiegel2-1024x819.jpg 1024w, https:\/\/bunt-statt-braun-wmk.de\/wp-content\/uploads\/2015\/08\/Marktspiegel2-375x300.jpg 375w, https:\/\/bunt-statt-braun-wmk.de\/wp-content\/uploads\/2015\/08\/Marktspiegel2.jpg 1280w\" sizes=\"auto, (max-width: 300px) 100vw, 300px\" \/><\/a><\/strong><\/h1>\n<p>Marktspiegel vom 13.01.2016 und WR vom 15.01.2016<\/p>\n<\/div>\n<p>&nbsp;<\/p>\n<div id=\"cc-matrix-1492400885\">\n<div id=\"cc-m-7047128885\" class=\"n j-text \">\n<p><strong class=\"idAitem idKicker\">Witzenh\u00e4user Allgemeine am 20.12.2012:<\/strong><\/p>\n<p><strong class=\"idAitem idKicker\">\u00a0<\/strong><\/p>\n<p><strong class=\"idAitem idKicker\">SPD-Stadtverordnetem wird Vorsatz unterstellt<\/strong><\/p>\n<p>&nbsp;<\/p>\n<h2 class=\"idAitem\">B\u00fcndnis \u00fcbt erneut Kritik an Otto Baumann<\/h2>\n<h2 class=\"idAitem\"><\/h2>\n<p class=\"idMetaItm idMetaItmFacebook\">Witzenhausen. Erneut muss sich der Witzenh\u00e4user SPD-Stadtverordnete Otto Baumann Kritik des B\u00fcndnisses gegen Rechtsextremismus \u201eBunt statt Braun\u201c im Werra-Mei\u00dfner-Kreis gefallen lassen.<\/p>\n<p class=\"idMetaItm idMetaItmFacebook\">Der Artikel findet sich unter folgendem Link:<\/p>\n<p class=\"idMetaItm idMetaItmFacebook\"><a href=\"http:\/\/www.hna.de\/nachrichten\/werra-meissner-kreis\/witzenhausen\/buendnis-erneut-kritik-baumann-2672493.html\">http:\/\/www.hna.de\/nachrichten\/werra-meissner-kreis\/witzenhausen\/buendnis-erneut-kritik-baumann-2672493.html<\/a><\/p>\n<\/div>\n<div id=\"cc-m-7047132485\" class=\"n j-hr \"><\/div>\n<div id=\"cc-m-6405463885\" class=\"n j-text \">\n<p><em>\u00a0<\/em><\/p>\n<p><em>Unter dem Titel<\/em><\/p>\n<p class=\"StandardWeb1\"><em><strong>\u201eAuf dem rechten Auge blind\u201c<\/strong><\/em><\/p>\n<p><em>erschien im &#8222;Marktspiegel&#8220; am 12.6.2012 ein Artikel von Lars Winter, der zu einer breiten Diskussion \u00fcber die Arbeit unseres B\u00fcndnisses gef\u00fchrt hat:<\/em><\/p>\n<p class=\"StandardWeb1\"><strong>\u00a0<\/strong><\/p>\n<p><strong>&#8222;Eschwege\/Witzenhausen.<\/strong> Das Aktionsb\u00fcndnis gegen Rechtsextremismus \u201eBunt statt Braun\u201c \u00fcbt schwere Kritik an der Witzenh\u00e4user SPD und deren Stadtverordneten Otto Baumann. Der hatte mit einer Rundmail (liegt dem Marktspiegel vor) an Fraktionsmitglieder der SPD und Gr\u00fcnen f\u00fcr Best\u00fcrzung gesorgt, da diese einen Artikel aus der rechtsextremen Zeitschrift \u201eZuerst! Deutsches Nachrichtenmagazin\u201c (siehe EXTRA INFO II) zum Inhalt hatte.\u00a0 &#8230;..&#8220;<\/p>\n<p>&nbsp;<\/p>\n<p><em>Unter folgendem Link kann man den Artikel und die darauf folgenden Leserbriefe nachlesen:<\/em><\/p>\n<p><em>\u00a0<\/em><\/p>\n<\/div>\n<div id=\"cc-m-6405463285\" class=\"n j-text \">\n<p><a href=\"http:\/\/markt-spiegel-online.de\/2012\/06\/12\/auf-dem-rechten-auge-blind\/\">http:\/\/markt-spiegel-online.de\/2012\/06\/12\/auf-dem-rechten-auge-blind\/<\/a><\/p>\n<\/div>\n<\/div>\n","protected":false},"excerpt":{"rendered":"<p>http:\/\/lokalo24.de\/news\/eschweger-integrationsveranstaltung-war-ein-voller-erfolg\/643477\/ WR 22.1.16 Marktspiegel vom 13.01.2016 und WR vom 15.01.2016 &nbsp; Witzenh\u00e4user Allgemeine am 20.12.2012: \u00a0 SPD-Stadtverordnetem wird Vorsatz unterstellt &nbsp; B\u00fcndnis \u00fcbt erneut Kritik an Otto Baumann Witzenhausen. Erneut muss sich der Witzenh\u00e4user SPD-Stadtverordnete Otto Baumann Kritik des B\u00fcndnisses &hellip; <a href=\"https:\/\/bunt-statt-braun-wmk.de\/?page_id=14\">Weiterlesen <span class=\"meta-nav\">&rarr;<\/span><\/a><\/p>\n","protected":false},"author":1,"featured_media":0,"parent":0,"menu_order":0,"comment_status":"open","ping_status":"closed","template":"sidebar-page.php","meta":{"footnotes":""},"class_list":["post-14","page","type-page","status-publish","hentry"],"_links":{"self":[{"href":"https:\/\/bunt-statt-braun-wmk.de\/index.php?rest_route=\/wp\/v2\/pages\/14","targetHints":{"allow":["GET"]}}],"collection":[{"href":"https:\/\/bunt-statt-braun-wmk.de\/index.php?rest_route=\/wp\/v2\/pages"}],"about":[{"href":"https:\/\/bunt-statt-braun-wmk.de\/index.php?rest_route=\/wp\/v2\/types\/page"}],"author":[{"embeddable":true,"href":"https:\/\/bunt-statt-braun-wmk.de\/index.php?rest_route=\/wp\/v2\/users\/1"}],"replies":[{"embeddable":true,"href":"https:\/\/bunt-statt-braun-wmk.de\/index.php?rest_route=%2Fwp%2Fv2%2Fcomments&post=14"}],"version-history":[{"count":11,"href":"https:\/\/bunt-statt-braun-wmk.de\/index.php?rest_route=\/wp\/v2\/pages\/14\/revisions"}],"predecessor-version":[{"id":370,"href":"https:\/\/bunt-statt-braun-wmk.de\/index.php?rest_route=\/wp\/v2\/pages\/14\/revisions\/370"}],"wp:attachment":[{"href":"https:\/\/bunt-statt-braun-wmk.de\/index.php?rest_route=%2Fwp%2Fv2%2Fmedia&parent=14"}],"curies":[{"name":"wp","href":"https:\/\/api.w.org\/{rel}","templated":true}]}}